 0*h**3 + 0*h. What is n(1)?
-5
Let v = -3 + 1. Let k(j) be the second derivative of 1/6*j**4 + 1/20*j**5 + 0 + 1/3*j**3 + 11*j + 1/2*j**2. Determine k(v).
-3
Let p(f) = f**3 + f**2 + 4*f + 3. Let n(g) = -g. Let x(r) = -3*n(r) - p(r). What is x(0)?
-3
Let z(x) = -3*x**2 + 1. Let t(v) = 4*v**2. Suppose -b - 4 = -8. Let s(p) = b*t(p) + 5*z(p). What is s(0)?
5
Let l(v) be the first derivative of v**2/2 - 1. Suppose 0*g + 2*k + 17 = 3*g, k = -5*g + 24. Give l(g).
5
Let w(d) = -d**3 + 5*d**2 + 6*d - 2. Suppose -8 = -2*g + 2. Let c = 11 - g. Calculate w(c).
-2
Let m(d) be the second derivative of -d**5/20 - d**4/4 + d**3/2 + d**2/2 - 6*d. Determine m(-3).
-8
Let g(m) = 12*m**2 - 1. Let w(t) = -t + 5. Let l(r) = r**3 - 3*r**2 - 3*r. Let v be l(4). Let j be w(v). What is g(j)?
11
Let s(f) be the third derivative of -f**5/10 - f**4/12 - 17*f**2. What is s(-2)?
-20
Let m(p) be the third derivative of -p**6/360 + p**5/120 - p**4/24 - 4*p**3/3 - 2*p**2. Let k(r) be the first derivative of m(r). Calculate k(-2).
-7
Let x(w) = w**3 + 4*w**2 + 2*w - 1. Let a be x(-3). Let v = a - 2. Let l(r) = 1 + v*r - 2*r + 3*r + 0. Calculate l(-6).
-5
Let r(q) = q - 7 - 2 + 8. What is r(-4)?
-5
Let q(v) = -v**3 + 5*v**2 + 6*v - 3. Suppose 8*x - 11*x = -18. What is q(x)?
-3
Let b be (20/(-14))/(20/(-56)). Let d(q) be the third derivative of -q**4/24 - q**3/3 + q**2. Give d(b).
-6
Let i = 13 + -8. Let x(m) = -i*m + 3*m + m**2 - 1 + 2. Let b(k) = k**3 + 8*k**2 - 11*k - 15. Let h be b(-9). Determine x(h).
4
Let a(y) = -3*y - 1. Let d(q) = -q**2 + 6*q + 6. Suppose 1 - 19 = 2*i. Let h = 16 + i. Let o be d(h). What is a(o)?
2
Let p = 5 - 0. Let t(n) = 10*n**2 - 15*n - 11. Let u(l) = 3*l**2 - 5*l - 4. Suppose 0 = -3*h - 7 + 28. Let y(z) = h*u(z) - 2*t(z). What is y(p)?
-6
Suppose -u - 4*u = 5*t + 45, -u = -3*t - 11. Let d(f) = -f - 1. Let v(h) = -14*h - 16. Let m(j) = 12*d(j) - v(j). Calculate m(t).
-6
Let x(y) = y**2 + 2*y - 7. Suppose 2*i - 6*i = 64. Let m = i + 11. Determine x(m).
8
Let o(l) = 10*l + 1. Let g(a) = 2*a. Let c(d) = -11*g(d) + 2*o(d). Give c(2).
-2
Let n(s) = 9*s + 7 - 6 - s. Let o(a) = 9*a + 1. Let p(i) = 3*n(i) - 2*o(i). Let j = 9 - 8. Determine p(j).
7
Let u(b) be the first derivative of 2*b**3/3 - b**2 - 1. Let c be (-6)/(-4)*16/3. Suppose s - c = -3*s. What is u(s)?
4
Let m(v) = v**2 - 7*v + 5. Let g(w) = -w**2 + 6*w - 4. Let j(q) = 3*g(q) + 2*m(q). Give j(4).
-2
Let p(w) = -w**2 + 9*w - 3. Let k(x) = x**2 - 10*x + 2. Let f(y) = -2*k(y) - 3*p(y). Let s(d) = 2*d**3 - 2*d**2 - 3*d + 2. Let t be s(2). Calculate f(t).
-7
Suppose 0 = -2*n + 6*m - m - 13, -m = -5. Let y(c) be the second derivative of 3*c + 1/6*c**3 + n*c**2 + 0. What is y(-6)?
6
Let a(k) be the first derivative of k**4/4 + 4*k**3/3 + 5*k**2/2 + 4*k + 2. Let l(h) = -2*h + 43. Let r be l(23). What is a(r)?
-2
Let w(p) = -p**2 + 2*p + 2. Let u be w(2). Let g(n) = 1 + 5*n - 8*n + u*n + 0*n. Determine g(-1).
2
Let u = 2 + 1. Let k(h) = 0*h + h + h + u*h + 1. Let g(w) = -w**3 + 8*w**2 - 6*w - 6. Let v be g(7). Give k(v).
6
Let z be (-28)/(-12) + 1/(-3). Let o(q) = 1 - q**2 + q**z + q**3. Suppose -4*i = y, -3*i + 5*y = 34 - 11. Give o(i).
0
Let u(h) be the second derivative of -1/3*h**3 - 2*h + 0 + 1/4*h**4 + 0*h**2. Calculate u(2).
8
Let p(w) = -3*w + 1 + 5*w - 6. Let g(b) = 12*b - 29. Let f(x) = -6*g(x) + 34*p(x). Calculate f(3).
-8
Suppose -64 + 6 = -5*o - z, -5*z = 5*o - 70. Let k(n) = n**2 - 1 + 5*n**2 - n**3 + 5*n - o*n. Calculate k(5).
-6
Let k(h) = -14*h. Let m(w) = -w - 1. Let v be m(0). Give k(v).
14
Suppose 4*b + y + 22 = 0, 5*b - 5*y = -23 - 17. Let t be b*2*4/8. Let o(m) = -m**2 - 9*m - 7. Give o(t).
11
Suppose -5*q = -i + 8, -5*q + 4*i + 1 = 3. Let z = q - -3. Let a(p) = p + 0*p - 2*p + 0*p - z. Calculate a(-4).
3
Let g(n) = -n**2 + 2*n - 3. Let i be g(3). Let k(o) = 3*o - 8. Let d be k(4). Let u(b) = -9 - 4*b + d + 2*b. What is u(i)?
7
Suppose -i + r = -9, 2*r + 5 = -5. Let v(s) = -7*s + 0*s**2 + 3 - s**2 + i. Give v(-7).
7
Suppose m + 10 = 3*m. Let a(g) = g**3 - 5*g**2 - 3*g - 1. Calculate a(m).
-16
Suppose l + 4*z = 4, 5*l + 3*z - 2 = -33. Let s(v) = -v**3 - 9*v**2 - 8*v - 7. Calculate s(l).
-7
Suppose 4*m - 14 = -a, -4*m + 5*a = -m - 22. Let u(g) be the first derivative of g**4/4 - g**3 - 5*g**2/2 - g + 1. Determine u(m).
-5
Let k be -4 - 17/(-5) - 46/(-10). Let x(r) = r**2 - 7*r + 6. What is x(k)?
-6
Let q(o) = o**3 - o**2 - o + 1. Let c = 65 - 64. Calculate q(c).
0
Let x(f) be the second derivative of 7*f + 0*f**3 + 1/4*f**4 + 0*f**2 + 0. Determine x(2).
12
Let v(p) be the second derivative of p**5/20 - p**4/12 - 2*p**3/3 + 11*p. Suppose -4*i = 1 - 13. Calculate v(i).
6
Let q(m) = 1 - 37*m**2 - 2 + 32*m**2. Give q(1).
-6
Suppose 0 = 5*z - 4*w - 29, 8*z - 4*z + 4*w - 16 = 0. Let h be (-3 + z)*(-1 + 2). Let q(m) = 6*m**h + 8 - m - 6*m - 3 - m**3. Give q(5).
-5
Let l(a) be the third derivative of a**5/60 + a**4/6 - a**3 + 8*a**2. Determine l(-6).
6
Let f = -3 + 2. Let q be (-2 + f - -3)/1. Let u(o) = -16*o - 9. Let z(a) = -3*a - 2. Let n(c) = -2*u(c) + 11*z(c). Give n(q).
-4
Let h(l) = 1 + 2*l**2 + 3*l**2 + 2*l**2 - 5*l**2. Let r be (-2 - -3 - 2) + 2. Suppose 2*p - 4*o = -o + r, -5*p + 6 = -4*o. What is h(p)?
9
Let z(i) = -27*i**2 + 11*i + 3. Let p(m) = 37*m**2 + 0*m - 26*m**2 + 1 + 4*m - 20*m**2. Let k(l) = -8*p(l) + 3*z(l). What is k(-1)?
-9
Let k(t) be the second derivative of t**3/6 - 2*t**2 - 17*t. Give k(0).
-4
Suppose 2*y - 6 + 2 = 0. Let u(d) = -d - 1. Let i(x) = -2*x - 5. Let r(v) = i(v) - 5*u(v). What is r(y)?
6
Suppose 7 = 5*g - 28. Let o(z) = -3 + 3 - 7 - 3 + z. Calculate o(g).
-3
Let f = 5 + -5. Let n(a) = a**2 + 2 + 0*a**2 - 5*a + f*a. Let j be (-18)/(-4) + (-1)/(-2). Calculate n(j).
2
Let s = 26 + -28. Let b(o) = o + 1. Give b(s).
-1
Let j(g) be the second derivative of g**4/12 + 7*g**3/6 + 7*g**2/2 + 2*g. Let o be 0 + 2/(3 + -1). Let w be o*2 - (0 + 7). Give j(w).
-3
Let w(y) be the first derivative of -y**6/360 - y**5/120 + y**4/6 + y**3/3 + 1. Let q(a) be the third derivative of w(a). Suppose -f = -4*f - 9. Calculate q(f).
-2
Let x(g) = -g**3 + 2*g**2 + 2. Let h be (1 - 22/18) + (-40)/(-18). Give x(h).
2
Let u(t) = -t**3 + 3*t**2 - 2*t + 3. Let h be u(2). Let v(o) be the second derivative of o**5/20 - o**4/4 + 3*o**2/2 + 12*o. Calculate v(h).
3
Let r(a) = a - 4. Let q(p) = 3*p**3 + 4*p**2 - 4*p**3 - 1 - 2*p**3 + 2*p**3 - p. Let i be q(3). Give r(i).
1
Let z(w) = -w**3 + 10*w**2 - 8*w - 7. Let c be z(9). Let j(v) = 0*v - 3*v + c*v - 4. What is j(0)?
-4
Suppose -4*q - 5*k = -17, -4*q - k = -4*k + 23. Let j(m) be the third derivative of m**6/120 + m**5/60 + m**4/24 + m**3/6 - m**2. Give j(q).
-5
Let c(i) = -4*i**3 - 12*i**2 + 13*i + 8. Let a(x) = 3*x**3 + 11*x**2 - 12*x - 7. Let n(g) = -5*a(g) - 4*c(g). Give n(6).
15
Let z(s) = -s**2 + s - 1. Let o(m) = -3*m**2 - m + 3. Let f(k) = o(k) - 2*z(k). Let q = -32 + 27. Calculate f(q).
-5
Suppose -3 + 2 = -r + 5*x, 2*x = 5*r - 5. Let b(m) = -m + 8. Let a be b(4). Let w(k) = 0*k - 1 + 3*k - a*k. Determine w(r).
-2
Let x(a) = 5*a**2 - 3*a + 6. Let l(t) = t**2 - t + 1. Let q(j) = 6*l(j) - x(j). Suppose 6*y - 16 = 2*y. Suppose g + 0 = v - 4, -3*g = y*v - 16. Give q(v).
4
Let k(b) = 4*b**3 + 8*b**2 + 8*b - 8. Let h(m) = m**3 + 3*m**2 + 3*m - 3. Let x = 12 - 4. Let r(d) = x*h(d) - 3*k(d). Calculate r(-1).
4
Let o(f) = -f**3 + f + 3. Let y be o(0). Let x = -6 + y. Let q(s) = 1 - 3*s**2 + 2*s**2 + 4*s - 3*s. Determine q(x).
-11
Suppose -5*h - 3*f + 9 = 0, 2*f - f + 17 = 5*h. Suppose -j = -4*v + h + 6, 4*j - 3 = 3*v. Let n(u) = u - 3 + 3 - j + 2. Determine n(-1).
-2
Let r(d) = -d**3 + 3*d**2 - 3*d + 4. Let o(h) = h**2 - 2*h - 12. Let b be o(5). Calculate r(b).
-5
Let m(f) = f**3 + 6*f**2 + 5*f - 2. Let l(p) = -4*p. Let n be l(-1). Let q = -9 + n. Give m(q).
-2
Let d(o) = 2*o**2 + 2*o - 2. Let f be d(1). Let q(y) = -2*y - 2. Calculate q(f).
-6
Let r(m) = -m**3 - 5*m**2 + 10*m + 9. Let i(a) = -4*a + 6. Let v be i(3). Calculate r(v).
-15
Let n(d) = d**2 - 4*d - 1. Suppose -3*m + 4*y + 5 = 2*y, -4*m + 5*y = -2. Give n(m).
-4
Let f(v) = 2*v**3 - 1. Let p be f(1). Let t(z) be the first derivative of -z**4/4 - z**3/3 - z**2/2 + z - 2. Determine t(p).
-2
Let m be 3 - -3 - (2 + 0). Suppose 3*x - m = x. Let t(j) = -3*j**2 + 1 - 2*j**2 + 2*j + 